of t(5)?
23
What are the prime factors of (-2183)/(-19) - (-6)/57?
5, 23
Let z(r) = -r**2 - r + 6. Let l be z(-3). Suppose x + 4*w - 41 = l, -2*x + 2*w = -w - 126. List the prime factors of x.
3, 19
List the prime factors of 8 + (-14044)/(-18) + 2/(-9).
2, 197
Let m = -1934 + 3403. List the prime factors of m.
13, 113
Let g(l) = -l**3 + 4*l**2 + 7*l. Let q be g(5). Let x = 14 - q. Suppose 5*w + 139 = x*j, -j + 5*w - 78 = -4*j. What are the prime factors of j?
31
Suppose -b = 4, 0*b - 2795 = -5*h - 5*b. List the prime factors of h.
563
Suppose -w = 3*a - 114, -5*w + 607 = -5*a - 3. Let l = w - 68. List the prime factors of l.
2, 13
Let r be (-1 + 1)/(7 - 5). Suppose 7*f = -r*f + 315. What are the prime factors of f?
3, 5
Let t(h) = h**2 - h + 3. Suppose -5*p - 24 = -3*p + 2*i, -5*p - 84 = -i. Let g(f) = -2*f - 35. Let y be g(p). List the prime factors of t(y).
3, 5
Let l be 2/6*3/(-1) - 11. What are the prime factors of l/8 + 4 + 812/8?
2, 13
Let d(i) = 5*i**2 + 6*i + 6. Let j(t) = 4*t + 5. Let b be j(3). Suppose -b = 5*h - 2*u, -2 = -2*h - 3*u - 5. What are the prime factors of d(h)?
3, 11
Suppose 2*i = 5*i - 2577. List the prime factors of i.
859
List the prime factors of (74/(-6))/(1/(-3)).
37
Let u = -156 - -490. List the prime factors of u.
2, 167
Let m be -54 - (-6)/(-3)*-4. Let j = 136 + -52. Let l = m + j. What are the prime factors of l?
2, 19
Let m(p) = p**3 + 2*p**2 - 10*p - 5. Let s be m(-4). Suppose 0 = s*q - 8 - 70. What are the prime factors of q?
2, 13
Let j(x) = 2*x**2 + 2*x - 2. Let d be j(-2). Suppose 2*u = -d + 22. Let c = 16 - u. List the prime factors of c.
2, 3
Let h(w) = -179*w - 582. What are the prime factors of h(-9)?
3, 7
Let o be 21/(-9) + (-1)/(-3). Let n(s) be the second derivative of -s**5/4 - 5*s**3/6 - s**2 + 7*s. What are the prime factors of n(o)?
2, 3
Let z = -4 - 1. Let d be 5 + -2 + (-2 - z). Suppose 0 = -2*j + d*j - 92. List the prime factors of j.
23
Let z(k) = 5*k - 2*k + k + 0*k**2 + 3*k**2 - 1. Let a be z(-4). Suppose 2*x - a = 15. What are the prime factors of x?
23
Suppose -3*u - 60 = -8*u. Suppose 4*b = u, 4*r = -0*r - 3*b + 73. Let p = r + -11. List the prime factors of p.
5
List the prime factors of (-23562)/(-35) - (-2)/(-10).
673
Let h be (-2)/(-10) + (-89)/(-5). Let y be 1 - (h/3 + -1). Let f(r) = r**2 - 3*r + 2. List the prime factors of f(y).
2, 3, 5
Suppose 0 = -2*l - 4*n + 194 + 70, 3 = -n. What are the prime factors of l?
2, 3, 23
Let j = -114 - -132. Let y(o) = 13*o + 21. What are the prime factors of y(j)?
3, 5, 17
Let r(c) = c**2 - 2*c + 2. Let i be r(2). List the prime factors of (-4 + 45)/(i/2).
41
Suppose g - 12 = -3*g. Suppose -4*o - g + 99 = 0. Let x = o - 0. What are the prime factors of x?
2, 3
Let f(r) = 27*r**2 - 34*r + 338. List the prime factors of f(8).
2, 3, 13, 23
Suppose -1924 = -3*o + 5*c - 3*c, -4*o - 4*c = -2552. Let r = -379 + o. List the prime factors of r.
3, 29
Suppose -3*k = -8*k + 315. Suppose 33 = 4*f - k. What are the prime factors of f?
2, 3
Let t(m) = m**3 - m**2 - 14*m - 4. Let l be 8/1 - (15 + -13). List the prime factors of t(l).
2, 23
Suppose -c + 5*z = 99, 2*z + 3*z = 4*c + 351. Let u be ((-18)/(-21))/((-18)/c). Suppose -3*p + 118 - u = 0. What are the prime factors of p?
2, 19
Suppose 0 = 54*c - 57*c + 5100. List the prime factors of c.
2, 5, 17
Suppose 0 = 3*o - 6 - 0. Suppose -5*r + 493 = 3*u, 4*r = o*u - 491 + 199. List the prime factors of u.
2, 3, 13
Suppose 5*v + 15 = -5*b, -v + 0 - 3 = 2*b. Let p(w) = w**3 + w + 28. Let f be p(b). Suppose x = -3*x + f. List the prime factors of x.
7
Let p = 24 - 21. List the prime factors of p/(-5) - 4726/(-85).
5, 11
Suppose 0*n - 4*n - g + 375 = 0, -4*g = 3*n - 265. Suppose 4*d - b = n, 0*b - 5 = -b. What are the prime factors of d*(4 - 16/5)?
2, 5
Suppose -21*x + 5988 = -1404. List the prime factors of x.
2, 11
Suppose 12 = 9*g - 6*g. Suppose -5*a + g*q = 3*q - 274, -4*a + 4*q + 216 = 0. What are the prime factors of a?
5, 11
Let h = -1 - -5. Suppose 0 = -h*l + 58 + 6. Suppose 0*r - 4*t + 66 = 5*r, -t - l = -2*r. List the prime factors of r.
2, 5
Let j(c) = 13*c**2 - 22*c - 1. Let a be j(11). Suppose -9*u = 304 - a. List the prime factors of u.
2, 3, 19
Let g = 86 - 122. Let t = g - -166. What are the prime factors of t?
2, 5, 13
Let c = 4362 + 81. List the prime factors of c.
3, 1481
Let f(y) = 8*y**3 - y**2 - 9*y + 2. Let s be f(-3). Let x = s + 298. List the prime factors of x.
2, 3, 17
Suppose 3*u = 2*d - 240, -5*d + 0*d - 2*u + 638 = 0. What are the prime factors of d?
2, 3, 7
Suppose -3*j + 180 = -3*n, 3*j + 3*n - 210 = -0*j. Let s(v) = -v**3 - 15*v**2 - 13*v - 24. Let h be s(-14). Let x = j + h. What are the prime factors of x?
3
Let m(w) = 14*w**2 - w + 6. Suppose 0*c - 5*c = -20. Suppose 4*y - 4*k = c, 5*y + 6*k - 2*k - 14 = 0. List the prime factors of m(y).
2, 3, 5
Let v be (-59)/(-4) + (-30)/40. Suppose -10*d + v*d = 484. What are the prime factors of d?
11
Suppose q - 21 = -4*a - 1, -4*q = -4*a. Suppose a*c - 41 = 79. What are the prime factors of c?
2, 3, 5
Let b = 2481 - 1239. List the prime factors of b.
2, 3, 23
Suppose -27*o + 35866 + 20024 = 0. List the prime factors of o.
2, 3, 5, 23
Suppose -52*r = -51*r - 459. What are the prime factors of r?
3, 17
Let p(u) = 7*u - 33. Let f be p(5). Let q = -27 + 51. Suppose -6*g = -f*g - q. What are the prime factors of g?
2, 3
Let h be 6/21 - 82/(-7). Let j(u) = 4*u + 14. List the prime factors of j(h).
2, 31
Let b(w) = 4*w - 3*w - 5 - w + w. Let p(f) = 2*f**2 + 13*f + 15. Let c be p(-6). What are the prime factors of b(c)?
2
Suppose 0 = -4*y + u + 1277, -4*y - u = -0*u - 1267. List the prime factors of y.
2, 3, 53
Let n be (-6)/(-4)*1*10/5. Suppose -n*y + 60 = -147. What are the prime factors of y?
3, 23
Suppose -10*x + 17*x = 19460. What are the prime factors of x?
2, 5, 139
Suppose -3165 = -5*n - 2*p - 805, n - 3*p - 489 = 0. What are the prime factors of n?
2, 3, 79
Let o(y) = 561*y**3 + y**2 + 2*y - 3. What are the prime factors of o(1)?
3, 11, 17
Suppose 0 = 4*g - 893 - 2503. Suppose h = 3 - 5, -5*o = 3*h - g. List the prime factors of o.
3, 19
List the prime factors of 59/(((-2)/(-15))/(16/20)).
2, 3, 59
Let r be (-1)/(-2)*(220 + -6). Suppose 0 = -p - 2*g + r, 35 = -5*p + 5*g + 570. What are the prime factors of p?
107
Let l(f) = 24*f**2 - f + 1. Let i(s) = 2*s - 1. Let y be i(0). Let h be (-1)/((5 + -4)*y). List the prime factors of l(h).
2, 3
Suppose 4*z = -0*z - 160. Let d = 6 + -3. List the prime factors of 1 + -4 - (z + d).
2, 17
Let z = 923 - 337. What are the prime factors of z?
2, 293
Let t(o) be the third derivative of o**6/90 - o**4/24 - o**3/3 - o**2. Let i(b) be the first derivative of t(b). List the prime factors of i(-1).
3
Let m(n) be the first derivative of -n**4/4 + 26*n**3/3 + 17*n**2 + 20*n + 23. What are the prime factors of m(27)?
11, 19
Let q(u) be the first derivative of 5*u**3/3 - u**2/2 - u - 7. Let f be q(-3). Let o = f + 0. List the prime factors of o.
47
Suppose -20*g + 9174 = -17*g. List the prime factors of g.
2, 11, 139
Let s(l) = 14*l**3 + l**2 + 3*l. Let b be s(2). Let w = 257 - b. Let a = w - 58. What are the prime factors of a?
7, 11
Let t = -29 - -29. Let z(r) = 8*r**2 + 8*r - 107. Let j(p) = 3*p**2 + 3*p - 36. Let m(s) = 11*j(s) - 4*z(s). List the prime factors of m(t).
2
Suppose -61*l + 73*l - 8736 = 0. List the prime factors of l.
2, 7, 13
Let g(u) = 2*u**3 - 5*u**2 + 3*u + 2. Let n be g(2). Let l(v) = 7*v + 17. Let i be l(n). List the prime factors of ((-99)/4)/(i/(-120)).
2, 3, 11
Suppose -5*j + 22 = -r, -2*j = j - 5*r - 22. Suppose j*m = p - 106, -5*p = -0*m + 4*m - 458. List the prime factors of p.
2, 47
Let o(g) = -g**3 - 6*g**2 - 5*g + 3. What are the prime factors of o(-10)?
3, 151
Let p(w) = -w - 3. Let m be p(-12). Let t = 21 - m. List the prime factors of t.
2, 3
Let w = 11 + -7. Suppose w*m - 20 = r - 0*r, -97 = 4*r + m. List the prime factors of (-342)/(-8) - 6/r.
43
Let u be ((-4)/(-6))/((30/(-27))/(-5)). Suppose n = u*l + 38, 0*n = -3*n + 4*l + 134. List the prime factors of n.
2, 5
Let s = 325 + -105. Suppose 5*c - s = 3*w, 3*w = 2*w. What are the prime factors of c?
2, 11
Let y(z) = -z**2 - z + 59. Suppose 14*g = 15*g. List the prime factors of y(g).
59
Suppose y + 1 = b, -b + 2*y + 2 